s the remainder when 24129535 is divided by 64?
63
What is the remainder when 54917 is divided by 2182?
367
Calculate the remainder when 113338571 is divided by 1457.
1455
Calculate the remainder when 71810097 is divided by 83.
74
Calculate the remainder when 212343 is divided by 4517.
44
Calculate the remainder when 3152654 is divided by 776.
542
Calculate the remainder when 27898517 is divided by 5610.
5597
What is the remainder when 384466133 is divided by 85?
83
Calculate the remainder when 121477 is divided by 6039.
697
Calculate the remainder when 3134551 is divided by 2561.
2448
Calculate the remainder when 5608753 is divided by 72.
25
What is the remainder when 38678015 is divided by 512?
511
Calculate the remainder when 15949911 is divided by 112.
103
What is the remainder when 1168166081 is divided by 15?
11
What is the remainder when 849589075 is divided by 67?
64
What is the remainder when 36450394 is divided by 121?
112
Calculate the remainder when 475606336 is divided by 1319.
1316
What is the remainder when 3420059 is divided by 510?
509
Calculate the remainder when 1848013 is divided by 2.
1
What is the remainder when 7990 is divided by 3976?
38
Calculate the remainder when 161832478 is divided by 53944159.
1
Calculate the remainder when 526387 is divided by 309.
160
What is the remainder when 30021 is divided by 3727?
205
What is the remainder when 205134 is divided by 523?
118
What is the remainder when 3942095 is divided by 272?
271
Calculate the remainder when 1111465 is divided by 79389.
19
What is the remainder when 7815370 is divided by 15?
10
What is the remainder when 62478353 is divided by 20826114?
11
What is the remainder when 70998962 is divided by 12923?
0
Calculate the remainder when 698753 is divided by 220.
33
What is the remainder when 6385080 is divided by 168?
72
Calculate the remainder when 4635 is divided by 1080.
315
Calculate the remainder when 754587 is divided by 34298.
31
Calculate the remainder when 1160483 is divided by 96.
35
Calculate the remainder when 785601 is divided by 3.
0
What is the remainder when 321477 is divided by 244?
129
Calculate the remainder when 3308122 is divided by 46.
32
What is the remainder when 127919 is divided by 6050?
869
Calculate the remainder when 159084245 is divided by 42.
5
Calculate the remainder when 485074 is divided by 381.
61
What is the remainder when 3201983 is divided by 432?
431
What is the remainder when 2627926 is divided by 1228?
6
Calculate the remainder when 29207 is divided by 13341.
2525
Calculate the remainder when 2137269 is divided by 427389.
324
What is the remainder when 2332943 is divided by 1056?
239
What is the remainder when 27340829 is divided by 9113523?
260
What is the remainder when 218327 is divided by 5321?
166
What is the remainder when 6804441 is divided by 63004?
9
What is the remainder when 3087770 is divided by 93555?
455
What is the remainder when 5997404 is divided by 399825?
29
What is the remainder when 11619153 is divided by 351?
0
Calculate the remainder when 4775 is divided by 1889.
997
Calculate the remainder when 8009735 is divided by 1668.
1667
Calculate the remainder when 1849780 is divided by 55.
20
What is the remainder when 4905425 is divided by 2452659?
107
Calculate the remainder when 630834345 is divided by 143.
141
What is the remainder when 4305737 is divided by 467?
464
Calculate the remainder when 8810 is divided by 2625.
935
What is the remainder when 942320 is divided by 94231?
10
What is the remainder when 199398 is divided by 4506?
1134
What is the remainder when 52619 is divided by 17532?
23
Calculate the remainder when 546452 is divided by 65.
62
What is the remainder when 390823 is divided by 1105?
758
What is the remainder when 24181133 is divided by 222?
5
Calculate the remainder when 33070105 is divided by 26996.
5
What is the remainder when 2835392 is divided by 218106?
14
Calculate the remainder when 3114475 is divided by 1557154.
167
What is the remainder when 35363 is divided by 373?
301
Calculate the remainder when 12665586 is divided by 177.
174
What is the remainder when 7586635 is divided by 1468?
11
What is the remainder when 9690518 is divided by 12174?
14
Calculate the remainder when 35789 is divided by 7125.
164
What is the remainder when 4204856 is divided by 4571?
4107
What is the remainder when 321967134 is divided by 313?
310
Calculate the remainder when 15545 is divided by 1402.
123
What is the remainder when 384983 is divided by 1049?
0
What is the remainder when 315018 is divided by 4524?
2862
Calculate the remainder when 2713455 is divided by 4149.
9
Calculate the remainder when 5719 is divided by 91.
77
Calculate the remainder when 1781924 is divided by 8735.
8719
What is the remainder when 98977558 is divided by 167?
165
Calculate the remainder when 37584741 is divided by 66287.
12
What is the remainder when 175006 is divided by 85989?
3028
Calculate the remainder when 323459 is divided by 4.
3
Calculate the remainder when 914583 is divided by 228022.
2495
What is the remainder when 678104 is divided by 2422?
2366
What is the remainder when 279103 is divided by 224?
223
Calculate the remainder when 1259710 is divided by 18.
16
What is the remainder when 230078 is divided by 32?
30
Calculate the remainder when 50221 is divided by 73.
70
What is the remainder when 63855204 is divided by 1277104?
4
Calculate the remainder when 29967964 is divided by 7491972.
76
Calculate the remainder when 2119108 is divided by 14818.
134
What is the remainder when 36697 is divided by 7116?
1117
What is the remainder when 133187 is divided by 366?
329
What is the remainder when 8923481 is divided by 1626?
1619
What is the remainder when 415375 is divided by 9417?
1027
Calculate the remainder when 30286814 is divided by 56400.
14
Calculate the remainder when 12688 is divided by 3429.
2401
Calculate the remainder when 12969790 is divided by 175267.
32
What is the remainder when 1126312 is divided by 976?
8
What is the remainder when 9592355 is divided by 2398083?
23
Calculate the remainder when 47984896 is divided by 97.
63
What is the remainder when 1185433 is divided by 395137?
22
What is the remainder when 35345786 is divided by 1970?
46
Calculate the remainder when 6253072 is divided by 2395.
2122
Calculate the remainder when 67697 is divided by 3066.
245
What is the remainder when 2044916 is divided by 170397?
152
What is the remainder when 2090659 is divided by 143?
142
What is the remainder when 432543 is divided by 4119?
48
Calculate the remainder when 75675 is divided by 1848.
1755
Calculate the remainder when 10648589 is divided by 672.
77
Calculate the remainder when 524637 is divided by 87435.
27
What is the remainder when 126984 is divided by 2373?
1215
What is the remainder when 2668090 is divided by 6279?
5794
What is the remainder when 265355 is divided by 93?
26
What is the remainder when 2935983 is divided by 117439?
8
Calculate the remainder when 154754 is divided by 390.
314
Calculate the remainder when 753321 is divided by 125546.
45
Calculate the remainder when 59276 is divided by 6265.
2891
What is the remainder when 4447630 is divided by 97?
83
What is the remainder when 67780 is divided by 67524?
256
Calculate the remainder when 198003 is divided by 65745.
768
Calculate the remainder when 425185 is divided by 520.
345
What is the remainder when 7550771 is divided by 555?
551
Calculate the remainder when 296609 is divided by 247.
209
What is the remainder when 517354 is divided by 256959?
3436
Calculate the remainder when 18747805 is divided by 21.
13
Calculate the remainder when 1152803 is divided by 38.
35
Calculate the remainder when 14009645 is divided by 402.
347
What is the remainder when 700 is divided by 641?
59
Calculate the remainder when 15074 is divided by 1866.
146
Calculate the remainder when 6661913 is divided by 14937.
11
Calculate the remainder when 7527388 is divided by 131.
128
What is the remainder when 8542347 is divided by 123?
120
What is the remainder when 84302 is divided by 54?
8
Calculate the remainder when 1093384 is divided by 1876.
1552
Calculate the remainder when 986275 is divided by 7256.
6715
What is the remainder when 212531 is divided 